{"id":13,"date":"2017-02-17T12:03:11","date_gmt":"2017-02-17T12:03:11","guid":{"rendered":"http:\/\/viitnapuhkekeskus.ee\/?page_id=13"},"modified":"2023-09-15T22:13:45","modified_gmt":"2023-09-15T19:13:45","slug":"majutus","status":"publish","type":"page","link":"https:\/\/viitnapuhkekeskus.ee\/?page_id=13","title":{"rendered":"Majutus"},"content":{"rendered":"<h2><\/h2>\n<blockquote>\n<h3><b>Sisse registeerimine \u00a0alates 14.00 &#8211; 22.00<\/b><\/h3>\n<\/blockquote>\n<h3><b>V\u00e4lja registeerimine kuni kella 11.00<\/b><\/h3>\n<h3><\/h3>\n<p>K\u00f5ikides tubades on tekk, padi, voodipesu ( voodilina, tekilina, padjap\u00fc\u00fcr, k\u00e4ter\u00e4tik).<\/p>\n<p>NB!\u00a0 \u00a0KUI TUBA POLE V\u00c4LJA OSTETUD HILJEMALT KELLA 17.00-KS V\u00d5I KOKKULEPITUD AJAKS \u00a0 , KAOTAB BRONEERING KEHTIVUSE.<\/p>\n","protected":false},"excerpt":{"rendered":"<p>Sisse registeerimine \u00a0alates 14.00 &#8211; 22.00 V\u00e4lja registeerimine kuni kella 11.00 K\u00f5ikides tubades on tekk, padi, voodipesu ( voodilina, tekilina, padjap\u00fc\u00fcr, k\u00e4ter\u00e4tik). NB!\u00a0 \u00a0KUI TUBA POLE V\u00c4LJA OSTETUD HILJEMALT KELLA 17.00-KS V\u00d5I KOKKULEPITUD AJAKS \u00a0 , KAOTAB BRONEERING KEHTIVUSE.<\/p>\n","protected":false},"author":1,"featured_media":0,"parent":0,"menu_order":0,"comment_status":"closed","ping_status":"closed","template":"","meta":{"footnotes":""},"class_list":["post-13","page","type-page","status-publish","hentry"],"_links":{"self":[{"href":"https:\/\/viitnapuhkekeskus.ee\/index.php?rest_route=\/wp\/v2\/pages\/13","targetHints":{"allow":["GET"]}}],"collection":[{"href":"https:\/\/viitnapuhkekeskus.ee\/index.php?rest_route=\/wp\/v2\/pages"}],"about":[{"href":"https:\/\/viitnapuhkekeskus.ee\/index.php?rest_route=\/wp\/v2\/types\/page"}],"author":[{"embeddable":true,"href":"https:\/\/viitnapuhkekeskus.ee\/index.php?rest_route=\/wp\/v2\/users\/1"}],"replies":[{"embeddable":true,"href":"https:\/\/viitnapuhkekeskus.ee\/index.php?rest_route=%2Fwp%2Fv2%2Fcomments&post=13"}],"version-history":[{"count":5,"href":"https:\/\/viitnapuhkekeskus.ee\/index.php?rest_route=\/wp\/v2\/pages\/13\/revisions"}],"predecessor-version":[{"id":277,"href":"https:\/\/viitnapuhkekeskus.ee\/index.php?rest_route=\/wp\/v2\/pages\/13\/revisions\/277"}],"wp:attachment":[{"href":"https:\/\/viitnapuhkekeskus.ee\/index.php?rest_route=%2Fwp%2Fv2%2Fmedia&parent=13"}],"curies":[{"name":"wp","href":"https:\/\/api.w.org\/{rel}","templated":true}]}}