{"id":15,"date":"2017-02-17T12:03:33","date_gmt":"2017-02-17T12:03:33","guid":{"rendered":"http:\/\/viitnapuhkekeskus.ee\/?page_id=15"},"modified":"2024-07-13T09:40:49","modified_gmt":"2024-07-13T06:40:49","slug":"saunad","status":"publish","type":"page","link":"https:\/\/viitnapuhkekeskus.ee\/?page_id=15","title":{"rendered":"Saunad"},"content":{"rendered":"<h3><span style=\"font-size: medium;\"><b><br \/>\n<\/b><\/span><span style=\"font-size: large;\"><strong>Suur saunamaja koos kaminasaalidega<\/strong> ja silla kasutusega\u00a0\u00a0<\/span><\/h3>\n<p>Check in alates 14.00 &#8211; 22.00<\/p>\n<p>Check out kuni 11.00<\/p>\n<p>Suure saunamaja rentimisel lubatud inimeste arv max. 45 in.\u00a0 kui pole kokkulepitud teisiti.\u00a0 Saunamajas on \u00fclemine ja alumine kaminasaal koos saunaga.\u00a0 Alumises kaminasaalis on ka dussiruum. Saunalavale mahub korraga max. 5 inimest.<\/p>\n<p>NB!Kogumaja broneering kaotab kehtivuse kui kohale pole saabuda hiljemalt kella 18-ks (kui pole administratsiooniga kokkulepitud teisiti).<\/p>\n<div>NB! Sild kuulub suure saunamaja juurde. Suure saunamaja tagatisraha 100.- \u20ac ( iga p\u00e4eva eest).<\/div>\n<h2><\/h2>\n<h4><span style=\"font-size: large;\">NB! <\/span><\/h4>\n<h4><span style=\"font-size: large;\">Sauna\u00a0 broneerimisel soovime tagatisraha. Tagatisraha ei tagastata kui midagi on \u00e4ra l\u00f5hutud v\u00f5i klient t\u00fchistab tellimuse \u00a0v\u00f5i j\u00e4tab kohale ilmumata v\u00f5i pole kasutanud ruume heaperemehelikult .<\/span><\/h4>\n<p><em><strong>Kohale tuleb ilmuda broneeritud \/kokkulepitud kellaajaks.\u00a0<\/strong><\/em><\/p>\n<p>NB! Sauna sildade kasutuse esma\u00f5igus on sauna rentinud kliendil. Kui saunas k\u00fclastajaid ei ole on sauna sildade kasutus\u00f5igus ainult Viitna Puhkekeskuse majutuse klientidel. Muidu ujujad v\u00f5ivad kasutada ujuma minemiseks ainult j\u00e4rve kallast.<\/p>\n<h2><\/h2>\n","protected":false},"excerpt":{"rendered":"<p>Suur saunamaja koos kaminasaalidega ja silla kasutusega\u00a0\u00a0 Check in alates 14.00 &#8211; 22.00 Check out kuni 11.00 Suure saunamaja rentimisel lubatud inimeste arv max. 45 in.\u00a0 kui pole kokkulepitud teisiti.\u00a0 Saunamajas on \u00fclemine ja alumine kaminasaal koos saunaga.\u00a0 Alumises kaminasaalis &hellip; <a href=\"https:\/\/viitnapuhkekeskus.ee\/?page_id=15\">J\u00e4tka lugemist <span class=\"meta-nav\">&rarr;<\/span><\/a><\/p>\n","protected":false},"author":1,"featured_media":0,"parent":0,"menu_order":0,"comment_status":"closed","ping_status":"closed","template":"","meta":{"footnotes":""},"class_list":["post-15","page","type-page","status-publish","hentry"],"_links":{"self":[{"href":"https:\/\/viitnapuhkekeskus.ee\/index.php?rest_route=\/wp\/v2\/pages\/15","targetHints":{"allow":["GET"]}}],"collection":[{"href":"https:\/\/viitnapuhkekeskus.ee\/index.php?rest_route=\/wp\/v2\/pages"}],"about":[{"href":"https:\/\/viitnapuhkekeskus.ee\/index.php?rest_route=\/wp\/v2\/types\/page"}],"author":[{"embeddable":true,"href":"https:\/\/viitnapuhkekeskus.ee\/index.php?rest_route=\/wp\/v2\/users\/1"}],"replies":[{"embeddable":true,"href":"https:\/\/viitnapuhkekeskus.ee\/index.php?rest_route=%2Fwp%2Fv2%2Fcomments&post=15"}],"version-history":[{"count":5,"href":"https:\/\/viitnapuhkekeskus.ee\/index.php?rest_route=\/wp\/v2\/pages\/15\/revisions"}],"predecessor-version":[{"id":289,"href":"https:\/\/viitnapuhkekeskus.ee\/index.php?rest_route=\/wp\/v2\/pages\/15\/revisions\/289"}],"wp:attachment":[{"href":"https:\/\/viitnapuhkekeskus.ee\/index.php?rest_route=%2Fwp%2Fv2%2Fmedia&parent=15"}],"curies":[{"name":"wp","href":"https:\/\/api.w.org\/{rel}","templated":true}]}}